to base 5
-1240110
Convert -5226 (base 8) to base 6.
-20314
What is 563 (base 13) in base 7?
2462
What is -1510 (base 10) in base 8?
-2746
What is -4051 (base 7) in base 9?
-1834
What is -5334 (base 7) in base 5?
-30022
Convert 822 (base 12) to base 3.
1121122
Convert 8071 (base 9) to base 14.
2212
What is -48051 (base 9) in base 14?
-b9c6
Convert 121222 (base 5) to base 13.
20cc
What is 1002 (base 7) in base 13?
207
What is -11423 (base 5) in base 7?
-2342
233 (base 16) to base 2
1000110011
-210211101 (base 3) to base 16
-3e29
-1001111110 (base 2) to base 10
-638
-113323 (base 4) to base 15
-6c1
-56643 (base 8) to base 3
-1012212211
-141061 (base 7) to base 16
-68ad
Convert 232 (base 11) to base 4.
10111
What is 126 (base 15) in base 13?
171
What is 31302121 (base 4) in base 7?
323434
Convert -4441 (base 6) to base 15.
-48d
What is 5cc (base 15) in base 11?
a98
-238a (base 11) to base 2
-110000110011
Convert -248 (base 9) to base 8.
-316
Convert 34123 (base 6) to base 13.
2256
What is 101011010 (base 2) in base 6?
1334
-120112 (base 3) to base 4
-12203
What is -29cd (base 16) in base 13?
-4b42
Convert -224 (base 14) to base 15.
-1d4
What is -20411 (base 5) in base 8?
-2514
Convert 47414 (base 11) to base 14.
1acc4
What is 9b (base 16) in base 5?
1110
12d2 (base 14) to base 13
1685
What is -232 (base 14) in base 5?
-3221
-2241 (base 13) to base 11
-3660
What is -16530 (base 8) in base 16?
-1d58
Convert -140500 (base 6) to base 4.
-3031110
What is -11 (base 6) in base 8?
-7
What is -20001212 (base 3) in base 8?
-10510
What is 31353 (base 6) in base 3?
12211020
Convert 2b15 (base 12) to base 4.
1033001
-628 (base 11) to base 12
-530
What is -36c (base 14) in base 15?
-309
-21002120 (base 3) to base 10
-5172
Convert -5903 (base 10) to base 13.
-28c1
41 (base 10) to base 2
101001
What is -363 (base 11) in base 14?
-22c
What is 100020 (base 3) in base 11?
207
e7 (base 16) to base 11
1a0
-50161 (base 7) to base 3
-121121001
What is -1120211 (base 3) in base 9?
-1524
-6345 (base 9) to base 2
-1001000110010
What is -9ba (base 15) in base 3?
-10000111
Convert 35236 (base 10) to base 2.
1000100110100100
-17d4c (base 15) to base 2
-10010110110111111
What is 595 (base 13) in base 15?
447
What is 1a40 (base 16) in base 8?
15100
What is 14200 (base 6) in base 3?
10001200
Convert 311120 (base 4) to base 7.
12650
-7a18 (base 11) to base 15
-31d1
1011100010100 (base 2) to base 16
1714
What is -2082 (base 10) in base 9?
-2763
-1243 (base 5) to base 12
-146
Convert 5c8 (base 13) to base 3.
1101101
-10345 (base 7) to base 3
-10112121
What is 1236 (base 7) in base 13?
2a0
10002220 (base 4) to base 14
6064
1023021 (base 4) to base 8
11311
What is -232 (base 10) in base 12?
-174
-71207 (base 8) to base 10
-29319
103321 (base 4) to base 14
66d
3056 (base 8) to base 2
11000101110
Convert 31412 (base 6) to base 3.
12211122
Convert -12148 (base 9) to base 11.
-6134
What is 129c (base 15) in base 3?
12110010
What is -20111122 (base 3) in base 10?
-4742
What is -1617 (base 10) in base 6?
-11253
What is 51b (base 15) in base 8?
2177
What is -1101111110011 (base 2) in base 3?
-100211000
What is -306400 (base 7) in base 5?
-3141200
Convert 880 (base 13) to base 6.
10424
23321023 (base 4) to base 9
73737
Convert -4861 (base 14) to base 12.
-7385
17d (base 15) to base 16
157
Convert -2083 (base 15) to base 10.
-6873
-d54 (base 16) to base 9
-4611
-544 (base 7) to base 9
-337
-3402014 (base 5) to base 9
-100720
Convert -16744 (base 8) to base 14.
-2b08
Convert -2d96 (base 14) to base 3.
-102012112
Convert 31233011 (base 4) to base 14.
16709
What is -113020 (base 4) in base 14?
-77a
What is -1042 (base 8) in base 15?
-266
-30101232 (base 4) to base 9
-75873
What is -21205 (base 13) in base 6?
-1140114
Convert 701b (base 14) to base 9.
28340
-2010120 (base 3) to base 4
-120102
Convert -129 (base 15) to base 4.
-10020
2513 (base 6) to base 14
325
Convert 1103 (base 11) to base 7.
4146
Convert 10011010011011 (base 2) to base 16.
269b
What is -1522 (base 7) in base 15?
-2a4
Convert -2148 (base 13) to base 2.
-1001000001111
Convert 14627 (base 12) to base 6.
340051
-4c1 (base 16) to base 6
-5345
What is -148 (base 13) in base 3?
-22111
What is -222202 (base 3) in base 10?
-722
Convert 3b6 (base 16) to base 4.
32312
Convert -4312 (base 7) to base 3.
-2002121
-21202 (base 4) to base 11
-505
121571 (base 8) to base 16
a379
-100221 (base 3) to base 15
-12d
-483 (base 13) to base 4
-30033
-1101101000 (base 2) to base 3
-1012022
Convert 3111320 (base 5) to base 11.
35214
What is -15b (base 16) in base 15?
-182
-1002 (base 4) to base 2
-1000010
Convert -768 (base 9) to base 13.
-395
-6652 (base 7) to base 2
-100101010101
10002002 (base 3) to base 4
203003
409 (base 10) to base 16
199
235 (base 7) to base 3
11121
Convert 1021011 (base 3) to base 16.
39a
14 (base 13) to base 2
10001
10110001010100 (base 2) to base 9
16508
Convert 40343 (base 5) to base 2.
101000100110
Convert 2c07 (base 13) to base 11.
4915
What is 1612 (base 7) in base 12?
45a
Convert -583 (base 13) to base 3.
-1022021
Convert -7d62 (base 15) to base 5.
-1323032
-163 (base 12) to base 4
-3123
-111000220 (base 3) to base 11
-7158
30513 (base 8) to base 7
51535
Convert 8277 (base 11) to base 6.
122450
18b (base 15) to base 6
1352
Convert -33324 (base 5) to base 3.
-10012122
-41746 (base 9) to base 3
-1101211120
What is -13414 (base 5) in base 10?
-1109
-3048 (base 9) to base 3
-10001122
-113302 (base 4) to base 8
-2762
Convert -7a56 (base 15) to base 3.
-1022121100
What is -18d2 (base 15) in base 16?
-14fc
What is -3111 (base 8) in base 16?
-649
Convert 10202 (base 5) to base 10.
677
What is 3003202 (base 4) in base 6?
133534
What is -b82 (base 12) in base 4?
-122102
Convert 2c6a (base 14) to base 13.
37c4
34b (base 14) to base 2
1010001111
What is 1001000110011 (base 2) in base 4?
1020303
Convert 3203 (base 4) to base 10.
227
-1316a (base 11) to base 5
-1100311
-1111010111 (base 2) to base 15
-458
Convert -13576 (base 9) to base 8.
-22006
10a (base 16) to base 7
530
What is 12423 (base 5) in base 9?
1317
Convert -287a8 (base 11) to base 4.
-21332333
What is 3073 (base 8) in base 16?
63b
Convert -14a2 (base 12) to base 3.
-10022212
What is 3003123 (base 4) in base 13?
5901
Convert 4109 (base 13) to base 5.
241331
Convert 10110111010111 (base 2) to base 13.
5459
Convert -101010001010010 (base 2) to base 13.
-9a96
What is -23b5 (base 14) in base 3?
-22112221
Convert 33262 (base 9) to base 4.
11121020
What is -4054 (base 6) in base 2?
-1110000010
Convert -155211 (base 6) to base 9.
-23127
Convert -2207 (base 9) to base 11.
-124a
What is -3490 (base 16) in base 5?
-412311
47 (base 16) to base 4
1013
What is 24312 (base 5) in base 14?
94c
55803 (base 11) to base 5
10041311
Convert -11000110100 (base 2) to base 7.
-4426
-1387 (base 9) to base 6
-4511
What is -14523 (base 11) in base 6?
-235203
What is -2123220 (base 4) in base 8?
-23350
What is 32302 (base 5) in base 3?
10000120
Convert -5438 (base 11) to base 8.
-16014
Convert -9788 (base 12) to base 16.
-4118
What is -1870 (base 9) in base 8?
-2640
Convert -28a01 (base 11) to base 16.
-a0b5
Convert 24213 (base 8) to base 9.
15212
What is 1506 (base 7) in base 8?
1122
1d87 (base 16) to base 12
445b
What is -7aa (base 14) in base 12?
-a6a
What is -1223 (base 4) in base 5?
-412
Convert -1202021201 (base 3) to base 15.
-a331
What is 2243132 (base 5) in base 3?
2001102221
572 (base 8) to base 3
112000
-10516 (base 8) to base 10
-4430
What is 1100111010101 (base 2) in base 10?
6613
-451 (base 10) to base 5
-3301
Convert -92 (base 11) to base 4.
-1211
864 (base 14) to base 11
1276
What is 366 (base 8) in base 14?
138
Convert 53444 (base 8) to base 4.
11130210
-2174 (base 8) to base 15
-518
Convert 1100002 (base 3) to base 9.
1302
Convert 40c (base 13) to base 3.
221111
Convert 11000010000011 (base 2) to base 5.
344134
What is -10011001001111 (base 2) in base 3?
-111110020
Convert 4222 (base 12) to base 2.
1110000111010
Convert 3662 (base 8) to base 13.
b87
What is 1001220 (base 3) in base 15?
370
-70 (base 11) to base 5
-302
What is -1101101010010 (base 2) in base 6?
-52214
Convert -666 (base 15) to base 4.
-112212
What is -3203 (base 4) in base 13?
-146
What is -304 (base 11) in ba